e (-15 - -33) + -48 + 67.
37
-56 - (-67 - 9) - (-2 + -49)
71
Calculate -21 + 5 + -16 + 11 - -11 - -29.
19
What is the value of 11 + -1 + 6 + (6 - ((25 - 11) + 1))?
7
What is 19 + (54 - 30) + -38?
5
Calculate -34 - (82 + 71 + -161).
-26
What is the value of -5 + 52 + 4 + 0 + 19 + -8 + -25?
37
What is the value of -80 + 98 + -148 + 30?
-100
What is the value of 38 + -6 + 11 + (-2 - (-7 + 3 + 2))?
43
What is -20 + 17 + -21 + (1 - (-2 - -7))?
-28
-2 - (-19 + -4 - 4) - (-8 - (10 + -9))
34
Calculate -64 - (-40 + (34 - -30) - -1).
-89
What is the value of 17 - 42 - (50 - (-6 + 21))?
-60
What is -2 - ((-17 - -17 - 7) + (-15 - -1))?
19
What is 61 - (-56 + 177 + -63) - (0 + 17 - 0)?
-14
What is (0 - 4) + (-180 - -89 - -98)?
3
What is 26 + -6 + -29 - (187 + -232)?
36
10 - (11 + 3 - (-61 + 74) - 30)
39
What is 3 + (9 - (6 - 6)) + -1 + 17?
28
What is the value of (1390 - 1385) + (1 - 18)?
-12
Calculate 10 + -3 + (21 - 5).
23
What is -10 + (-23 + -29 - -62)?
0
-64 + 33 + (-2 - 54)
-87
Calculate (2 - -2) + 56 + (-41 - -54 - 24).
49
Evaluate 1193 + -1203 + -1 + -19 + -2.
-32
Evaluate 8 + (9 - ((25 - -5) + -8) - 0 - -81).
76
Calculate -6 + 12 + -119 - -67.
-46
What is (6 - 7 - -2) + -57 + -99 + 102?
-53
Calculate -1 - (-6 + 11 + -5).
-1
Evaluate 79 - (107 - 55) - (-3 + 24).
6
Calculate -2 - (0 - -9) - ((-6 - 28) + (55 - -12)).
-44
What is the value of (62 - (-120 - -220)) + 121?
83
What is the value of 3 + (23 - 11) + -31 + 2 - -14?
0
Evaluate -5 - (-4 + (22 - -10)).
-33
What is 13 - ((-7 - (0 + -4)) + 5) - (-7 - -71)?
-53
Calculate 74 + 219 + -216 + (-4 - -9 - 5).
77
What is the value of 1 - (-50 + 1 + 5 + 8 + -22 - -1)?
58
92 + (-15 - ((8 - 1) + 3 + -29))
96
What is 29 + -22 + 15 + -28?
-6
Calculate (63 - 3) + (736 - 723 - (31 - 2)).
44
(-144 - -94) + 55 + -12 + (0 - 0)
-7
What is (15 - 1 - (-209 - -212) - -30) + -1 + -2?
38
Evaluate (-1 - 1 - (57 + -87 - -23)) + 15.
20
What is the value of (-61 - 15 - -35) + -16 + 36?
-21
Calculate -94 - ((-1 - 4 - -27) + (-17 + 8 - 6)).
-101
Calculate -32 + -2 + (0 - -15) + -21 + -8.
-48
-98 + ((3 - 13) + 29 + -6 - (-1 - -8))
-92
Evaluate (-84 - (-87 + 148)) + 53.
-92
Evaluate 2 + 0 + (12 - (48 - (2 + 29))).
-3
What is -2 + -8 - ((21 - 31 - (-1 + 0)) + -1)?
0
What is the value of 159 - 60 - 78 - (-1 - 41)?
63
What is (16 - ((61 - 8) + -32)) + -20?
-25
Calculate 4 - 9 - (-14 + 0) - (36 + (-2 - 1)).
-24
Evaluate (-6 - -19) + (-37 - (-11 + 10)).
-23
What is 10 + -29 + -1 - (-6 - 2) - 30?
-42
Calculate ((24 - 5) + 13 - -32) + -12.
52
What is (3 - 25 - (152 + -153)) + 12 - 66?
-75
What is 16 + (-100 + (-4 - (-10 + -4)) - -4) + -7?
-77
Calculate (-17 - -14) + (-2 - -98 - (-27 - -31)).
89
Calculate 26 - (35 + -30) - (-23 + 1).
43
Evaluate -57 + -1 + (-16211 - -16158).
-111
What is the value of -41 - (-93 + 63 + -40)?
29
What is the value of -20 + (8 - -9) + (-28 - 20)?
-51
What is the value of 66 - ((24 - 1) + -17 + -19)?
79
(-41 - -108 - 9) + (-27 - 0)
31
Calculate 8 + 1 - (-10 - (11 - (3 + 73))).
-46
What is 4 - (35 + -20 + (15 - -20))?
-46
What is 14 - (-1 + 6 + 7 - 59 - 11)?
72
76 - (-59 + 54 - (0 - -1 - 0) - -10)
72
Evaluate 0 - -7 - (62 + -48) - -38.
31
What is -37 - (9 + 36 + -31 + (6 - 17))?
-40
What is the value of (10 - 51) + 24 + -4 - -10?
-11
Evaluate (-16 + 8 + 12 - (-10 + 20) - -5) + -47.
-48
Calculate 2 - (14 + (-16 - 4)) - (-25 + 19).
14
Calculate -62 - (1 - 1) - (-188 - (222 + -416)).
-68
Calculate 8 + (19 + -14 + -35 - (7 + (0 - -1))).
-30
Evaluate 91 + -149 + 66 + 12.
20
Evaluate ((3 - (9 + -11)) + (16 - -10) - -12) + -4.
39
Calculate 73 + (114 - 155) + (-155 - 5).
-128
What is -50 + 40 - 4 - (-12 - 4)?
2
-53 + 104 + -27 + -100
-76
What is the value of (-178 + 48 - -50) + 30?
-50
Calculate 1 - ((-1500 - -1473) + 2 + -1 + 2).
25
What is (-7 - 0) + (21 - ((38 - 25) + 18))?
-17
What is -34 - 1 - (552 - 589)?
2
What is (1 - -27) + (-140 - -109 - 93)?
-96
What is the value of 40 - -20 - (-5 + -1 - (-5 - -12))?
73
What is -58 + (15 + -56 - -71)?
-28
What is the value of (-7 - -6) + 10 + (-6 - 1 - -33)?
35
What is (-75 - -82) + 115 + -236?
-114
What is -75 + 40 - (0 + 10) - (-14 + (-2 - -2))?
-31
Evaluate 17 - (-112 - (36 + -21 - 36)).
108
(-42 - -49) + (1 - -91) + 5 + 13 + -9
108
What is (2 - 3 - (-7 - -73)) + (36 - 15 - 20)?
-66
-4 - -9 - -10 - (73 - 83)
25
Calculate (9 - (-2 + -9 - (-2 - 7))) + 40.
51
Calculate -106 + (135 - (46 - 15)).
-2
Evaluate -125 - -80 - (24 - (-25 - -209)).
115
Calculate 11 + (-38 - (-14 - 21)) - (-1 - -33).
-24
Evaluate (1 - -11) + (-10 - (-7 + 12)) + (-3 - -84).
78
What is the value of 28 + -1 + -1 - (-1151 + 1116)?
61
Evaluate -8 + 2 + 2 - 50 - (-138 + 129).
-45
What is 1 + -3 + (538 - 501) - 137?
-102
64 - 79 - (95 - (5 - -13))
-92
What is the value of 20 + 6 + -56 + -29?
-59
Evaluate (74 + -86 - (1 + -38)) + 12.
37
14 - (-88 - (-186 + 45))
-39
What is -77 - (-78 - 69) - 75?
-5
165 + -108 - (48 - 51)
60
What is the value of 96 + 3 + 1 + (-58 - 9 - -64)?
97
Calculate -26 + 4 + (77 - (-30 + 58)).
27
27 - (-19 + (19 - -25)) - -20
22
Evaluate (76 - -1) + (-1177 - -1153).
53
Evaluate 104 + -69 + -145 + -2.
-112
What is the value of -2 + 37 - (32 - (-27 - -127))?
103
What is (-195 - (-97 - -41)) + 134?
-5
Evaluate -1 - (-14 + -26 + 14).
25
What is the value of 11 + (-23 - -70) + -31 + -44?
-17
(-2 - -1) + 16 - (43 - (41 + -120))
-107
-43 - (-71 + (40 - -12))
-24
What is -4 - (-10 + (-19 - 4 - (-5 - 4)) + -4)?
24
Calculate 80 + (22 - (-21 - -12) - 51).
60
What is 54 - 6 - (7 - (22 - -16))?
79
Evaluate (-50 + 2 - 6) + 78.
24
What is 20 - (34 + -11 + 6) - (-13 - 0)?
4
What is the value of 15 + (-15 - 0 - (-156 - -135)) + 10 + 5?
36
What is the value of ((-7 - -30) + -10 + 0 - -10) + -13?
10
What is the value of (51 - -91) + -58 - (-4 + 16 + -2)?
74
Evaluate -7 - (-18 - (3 - 27) - 31).
18
Evaluate (-9 - (3 + 16)) + 5 - ((-1 - 3) + -5).
-14
Evaluate -11 + 26 + -66 + 45 + 8 + -2.
0
Evaluate -8 + 28 + 3 + ((-20 - -6) + 21 - 21).
9
Evaluate (39 - (30 + -16)) + 17.
42
What is -5342 - -5352 - (1 + 6)?
3
What is (17 - (14 + -12 + -2)) + -88 - 7?
-78
Evaluate (-4 - 2) + -2 + -7 + 7 + (-47 - 4).
-59
(2 - ((-23 - 1) + (6 - 2))) + (-3 - 7)
12
What is -5 + -15 + (13 - (-11 + (-5 - -21)) - 5)?
-17
Calculate (-5 - 65 - -41) + 2.
-27
Evaluate (-18 - -1) + 83 + -139 + 72 - -2.
1
Calculate (66 - -20) + 1 + -72.
15
9 - (9 + 3 + -6 - -4 - -4) - 2
-7
What is the value of (76 + -22 - 55) + -34?
-35
What is the value of 53 + (3 - 28) + -40 + (62 - 1) + -12?
37
What is 3 + 8 + (11 - (-5 - -23) - 0)?
4
What is the value of (-5 + -2 - 2) + (-6 - (18 + -88))?
55
What is 14 + 64 - 147 - 38?
-107
Calculate 68 - 19 - 37 - 0.
12
Evaluate 26 + 9 + 14 + (19 - 30).
38
Calculate (-12 - -1) + -70 + 91 + -18 - (4 + -40).
28
Calculate -45 + -37 + (50 - 1).
-33
What is -5 + ((24 - 9) + 15 - 16 - -41)?
50
What is the value of -333 - -293 - (31 + 1) - (1 - (6 + -2))?
-69
Calculate -133 + -30 + 122 + -68.
-109
What is (21 - 29) + -1 + 1 - (-34 + 24)?
2
(1255 - 1332) + (2 - -97)
22
What is the value of 17 - ((8 - -5) + -10 + 8 + -12)?
18
Calculate 6 - -5 - (-7 - 17).
35
67 - (2 - 0) - (-108 - -9 - -113)
51
-2 + 15 + (-30 + 8 - -7) - -10
8
What is the value of 91 + -40 - (15 + -9)?
45
Evaluate -138 + (38 - -27 - (-1 - -35)).
-107
What is the value of -1 + -5 + 12 + 80 + (27 - -14)?
127
What is 24 + 11 + (-9 - (22 - 7))?
11
36 + 43 + -53 + -9
17
Calculate 0 + -116 - ((-1 - 10) + (283 - 275) - 2).
-111
What is the value of -44 + 108 + -5 + -58?
1
Calculate 7 - (60 - 78) - (1 + -5).
29
What is the value of 28 - (-13 + (6 - -6)) - (-3 + 4)?
28
What is (-4 - (-11 - (-22 + -3) - 10)) + (0 - 11)?
-19
-106 + -69 + 106 - -121
52
What is the value of -5 + (12 - -20 - 56)?
-29
Calculate (3 + -4 - 5) + 0 + (1167 - 1163).
-2
-7 + -8 + -20 + (4 - -5) - (-3 - -2)
-25
18 + (-2 + 3 + -1 - (-85 + 141))
-38
-123 + (2 - -97) - (-3 + -21)
0
Calculate (-85 - -63) + 88 - 108.
-42
What is the value of (0 - 10) + (68 - 31 - (-68 - -76))?
19
(13 - 29) + -17 + 104
71
What is the value of (1 - -2) + (11 - -1) + 27 + -79 + 7?
-30
What is the value of -6 + 4 + -20 + 3 + -1 + -7 - -6?
-21
What is 19 + 21 - (21 - 6 - 21)?
46
Evaluate -10 + -5 - -9 - (23 - 13).
-16
What is (-30 + 0 - (-303 + 271)) + (-6 - -127)?
123
What is the value of 42 - (-20 - (-12 + 7) - (12 -